, -3*t + 149 = 2*u. Calculate the remainder when 14/((-1120)/4848)*-3*5 is divided by u.
69
Suppose g = -2*w + 3*g - 22, 3*g = -2*w - 17. Calculate the remainder when 8/w*4/((-32)/500) is divided by (39/3)/(2 - 1).
11
Suppose -13*n + 17*n = -3*r - 154, 0 = 5*n - r + 202. What is the remainder when n/(-12)*(-2997)/(-54) is divided by 11?
9
Let f = 0 + 2. Suppose -2*w - k - k + 42 = 0, -k + 69 = 4*w. What is the remainder when 0/(0 - f) + 31 is divided by w?
15
Let p(s) = s**2 - 19*s - 14. Let f be p(19). Let b(a) = a**2 + 15*a + 22. What is the remainder when 45 is divided by b(f)?
5
Let g(m) be the second derivative of -23*m**3/6 - 31*m**2/2 - m. Let h be g(15). Calculate the remainder when ((-6)/4)/(2/(h/3)) is divided by 14.
10
Let z = -15 - -10. Let t(o) be the second derivative of -3*o**3/2 - 35*o**2/2 - 2*o + 17. Calculate the remainder when 17 is divided by t(z).
7
Let t = 22 + 3. What is the remainder when (4/(-6))/((-72)/(-54)*1/(-244)) is divided by t?
22
Let p = 10041 - 9068. What is the remainder when p is divided by 31?
12
Let n = -11298 - -11452. Calculate the remainder when n is divided by 132.
22
Let t(o) = -5*o**2 - 78*o - 2. Let l be 0*(0 + -1) + 1665/(-111). Calculate the remainder when 97 is divided by t(l).
11
Suppose 24 = -f + 3*c + 65, 2*f - 5*c = 76. What is the remainder when 847 is divided by f?
19
Let q(f) = -5*f**2 + 12*f**2 + 7*f**3 + 9 - 8*f**3. What is the remainder when 104 is divided by q(7)?
5
What is the remainder when 1652 is divided by ((-4158)/28)/(-33)*(3 + -1)*1?
5
Suppose 1550 = 9*x + x. Suppose 3*u - 19 = x. Suppose -4*r + 3*r + 2*l + 22 = 0, -2*r + 35 = -l. Calculate the remainder when u is divided by r.
10
Let u(c) = 7*c + 77. Let h be u(-14). Calculate the remainder when 69 is divided by 1/h*-771 - (-2)/7.
32
Let y = 20 + 19. Calculate the remainder when (-1*3/(-2)*1*-6)/(801/(-30972)) is divided by y.
36
Suppose -3*l + 19*r = 16*r + 12, -2*r = -3*l - 8. Suppose l = -0*s + 5*s - 140. Calculate the remainder when s is divided by 11/(-2)*-2 - 1.
8
Let f be (-1)/1 - (-3 - -3)/8. Calculate the remainder when (-4*(-488)/16)/((-2)/f) is divided by 9.
7
Let w(y) = 165*y + 2. Suppose 36*m + 3*m + 207*m = 16482. What is the remainder when w(2) is divided by m?
64
Let a = -9945 + 10027. What is the remainder when 115 is divided by a?
33
Suppose 18 = 4*v - 54. Let l = v + 32. Suppose i - 11 = -5*s, 2*i - 4*s - l - 28 = 0. What is the remainder when 91 is divided by i?
29
Let l(p) = -2*p**3 + 25*p**2 - 36*p + 58. Calculate the remainder when 3499 is divided by l(11).
24
Let w(r) = 5*r**3 + r**2 + 3*r + 36. What is the remainder when w(5) is divided by 2?
1
Suppose 6*v + 3*q + 27 - 354 = 0, -4*v + 227 = q. What is the remainder when 3771 is divided by v?
54
Let o be (9/3)/((-39)/(-1859)). Let a = 160 - o. Let y = 16 + -6. What is the remainder when a is divided by y?
7
Suppose -3*q + 17*k + 152 = 0, -15*k - 175 = -4*q - 20*k. What is the remainder when 2571 is divided by q?
6
Calculate the remainder when 241/241 - -4*(-1021)/(-2) is divided by 33.
30
Let h = -3224 - -4496. Calculate the remainder when h is divided by 67.
66
Suppose 0 = 81*b - 78*b - 9. Suppose -h - 16 = -b*c, -7*c + 8*c - 1 = -4*h. Calculate the remainder when 39 is divided by c.
4
Let l be -2 - (1 + 0 + -113). Let y = l - 106. Suppose 224 = 4*i + 2*o, -4*i - i - y*o + 274 = 0. What is the remainder when i is divided by 12?
10
Let p = -4878 + 5303. Calculate the remainder when p is divided by 110.
95
Let w be 26/325*10*5/2. Let r be 0/(1/1 + 0). Suppose 4*d - 31 - 33 = 4*m, -w*d - 3*m + 47 = r. What is the remainder when 75 is divided by d?
18
Suppose 163*o - 167*o + 660 = -2*v, 0 = 4*v + v. Calculate the remainder when o is divided by 16.
5
Suppose 45*r - 1413 = -112*r. What is the remainder when 1834 is divided by r?
7
Let v(q) = -2*q + 24. Let w be v(12). Let x(m) = -32*m + 25*m + 15 + 14*m. What is the remainder when x(w) is divided by 8?
7
Let d be (-2)/10*-2 + (-11457)/(-95). Let s = d - 88. Calculate the remainder when 194 is divided by s.
29
Suppose 0 = t - w - 2*w - 16, 3*w - 9 = 0. Let a = -25 + t. Suppose 0 = -a*n - n + 1, 5*n = -l + 83. What is the remainder when l is divided by 20?
18
Let h(k) = 1446*k - 208. What is the remainder when h(1) is divided by 40?
38
Let c = -1 - -1. Suppose -x + 2*w + 10 = c, -3*w - 11 = x + 2*w. Let v(s) = 313*s + 318. What is the remainder when v(-1) is divided by x?
1
Suppose 272*y - 2110 + 8806 = 281*y. What is the remainder when y is divided by 175?
44
Let z(u) = 88*u + 152. Let v be z(-7). Let f = 468 + v. What is the remainder when 66 is divided by f?
2
Let x(z) = z**2 - 33*z - 924. Calculate the remainder when 499 is divided by x(52).
51
Suppose -5*p + 10 = 2*x, 0 = -3*p - 2*x + 10 - 0. Suppose 17*q - 416 - 9 = p. What is the remainder when q is divided by 19?
6
Let g = 529 + -308. Let z = g + -192. Calculate the remainder when z is divided by 6.
5
Let b = 3405 + -2611. What is the remainder when b is divided by 38?
34
Let a = 5688 - 5642. Calculate the remainder when 70 is divided by a.
24
Let m = 253 - 242. What is the remainder when (m*9)/((-9)/(-6)) is divided by 18?
12
Suppose 0 = 3*q + o - 5046, 17*q - 8410 = 12*q - o. Suppose -121*k = -92*k - q. What is the remainder when 212 is divided by k?
38
Let s = 624 + -601. Calculate the remainder when (0 - (-1)/(-3))/(18/(-8532)) is divided by s.
20
Suppose -5*f - 281 = -3*y, -6*y - 418 = -10*y - 2*f. Calculate the remainder when y is divided by (-8)/2 - (-18 - 1).
12
Let c(g) = -27*g - 787. What is the remainder when c(-39) is divided by 114?
38
Suppose 5*g - 42 = 5*o - 197, -114 = -4*o + 2*g. Calculate the remainder when 257 is divided by o.
23
Let k be (0 - 6)/((-1)/(-20)). Let b be k/(-28) + (-4)/14. Suppose w - 2*c = c + 54, 5*w - 213 = -b*c. Calculate the remainder when w is divided by 16.
13
Suppose -4*y + 3*w + 4 = 0, 4*y - 4*w - 28 = -7*w. What is the remainder when (4 + 266/y)/((-12)/(-16)) is divided by 7?
3
Let p = -4672 + 4733. Calculate the remainder when 133 is divided by p.
11
Suppose -v + 50 = 4*p, p + 3*v = -2*v + 22. What is the remainder when (-264)/(-77)*(8 - 1) is divided by -3*((-40)/p - 0)?
4
Calculate the remainder when (2 - -1)*398/3 is divided by (-204)/(-374) - 225/(-11).
20
What is the remainder when 4617/(-33)*-31 + 26/(-143) is divided by 10?
7
Let s = 232 - 230. Suppose -6*b + 604 = -4*b + s*y, 1518 = 5*b - 3*y. Calculate the remainder when b is divided by 17.
14
Let j = 13411 - 13282. Let t(u) = 2*u**3 - 2*u**2 + 5*u - 2. Let c be t(5). Let o = c - j. What is the remainder when o is divided by 25?
19
Let b be 2/10 + 20536/170 - 0. Let i = -86 + b. Calculate the remainder when 349 is divided by i.
34
Calculate the remainder when 778 is divided by ((-8730)/75)/(-4 + (-185)/(-50)).
2
Suppose 209 + 752 + 228 = 41*m. Calculate the remainder when 927 is divided by m.
28
Suppose 212 = -s - 2*y + 217, -2*s - y + 40 = 0. Let q(p) = -p + 197 - p + 3*p. Calculate the remainder when q(0) is divided by s.
22
Suppose 5 = 5*f, 0*h + 17 = 2*h - f. Suppose 3*t - 11 = 1. Suppose n = -t*n + 175. Calculate the remainder when n is divided by h.
8
Suppose 0 = k + u - 24750, 0 = 1430*k - 1428*k + 4*u - 49504. What is the remainder when k is divided by 99?
97
Calculate the remainder when 183 is divided by (7/35)/(6/1470).
36
Suppose -28*o + 23*o + 1560 = 25*o. What is the remainder when 252 is divided by o?
44
Calculate the remainder when (-127818)/324*(-2)/3 is divided by (-122)/(-10) + 4/(-20).
11
Suppose -3920 = -81*u + 46*u. Let z = 9 - -14. What is the remainder when u is divided by z?
20
Let g = 813 + -754. What is the remainder when 646 is divided by g?
56
Let l(k) be the first derivative of 13*k**2/2 - 6*k + 145. Let p be 1/2*(-16 + 18). What is the remainder when 15 is divided by l(p)?
1
Let j = -197 - -199. Suppose -9*m - j = -245. What is the remainder when 98 is divided by m?
17
Suppose 47378*k = 47402*k - 2808. Calculate the remainder when 576 is divided by k.
108
Suppose 0 = 4366*f - 4381*f + 1485. Calculate the remainder when 296 is divided by f.
98
Suppose -5*q + 5*b + 6905 = 0, -5*b + 461 = q - 896. Calculate the remainder when q is divided by 684.
9
Suppose 0 = -2*u + 2*y + 78, -49*y + 52*y = -5*u + 227. Suppose f + 